e the remainder when 234498 is divided by 234484.
14
What is the remainder when 15948 is divided by 795?
48
Calculate the remainder when 102084 is divided by 91.
73
What is the remainder when 11062 is divided by 69?
22
What is the remainder when 928375 is divided by 6?
1
Calculate the remainder when 5108 is divided by 222.
2
Calculate the remainder when 244629 is divided by 11.
0
Calculate the remainder when 22411 is divided by 52.
51
What is the remainder when 18776 is divided by 44?
32
What is the remainder when 4164 is divided by 223?
150
What is the remainder when 2722 is divided by 297?
49
What is the remainder when 119729 is divided by 464?
17
Calculate the remainder when 95766 is divided by 19151.
11
Calculate the remainder when 1781 is divided by 38.
33
Calculate the remainder when 208279 is divided by 205.
204
Calculate the remainder when 221977 is divided by 592.
569
Calculate the remainder when 23208 is divided by 110.
108
Calculate the remainder when 179539 is divided by 214.
207
What is the remainder when 233592 is divided by 45?
42
Calculate the remainder when 474 is divided by 200.
74
Calculate the remainder when 2209 is divided by 379.
314
Calculate the remainder when 266262 is divided by 77.
73
What is the remainder when 57821 is divided by 4818?
5
Calculate the remainder when 3769 is divided by 69.
43
Calculate the remainder when 3350 is divided by 12.
2
What is the remainder when 100100 is divided by 129?
125
Calculate the remainder when 1611 is divided by 764.
83
What is the remainder when 5933 is divided by 53?
50
What is the remainder when 4239 is divided by 2106?
27
Calculate the remainder when 1967939 is divided by 60.
59
What is the remainder when 41316 is divided by 281?
9
What is the remainder when 216024 is divided by 6750?
24
What is the remainder when 1246 is divided by 82?
16
What is the remainder when 24506 is divided by 1884?
14
What is the remainder when 4428 is divided by 2898?
1530
What is the remainder when 37797 is divided by 400?
197
What is the remainder when 165852 is divided by 23?
22
Calculate the remainder when 2221979 is divided by 174.
173
What is the remainder when 138520 is divided by 69222?
76
What is the remainder when 916797 is divided by 962?
11
What is the remainder when 2939 is divided by 1469?
1
What is the remainder when 3100 is divided by 3051?
49
Calculate the remainder when 27515 is divided by 93.
80
Calculate the remainder when 60689 is divided by 257.
37
What is the remainder when 138102 is divided by 405?
402
What is the remainder when 658147 is divided by 18?
13
What is the remainder when 21412 is divided by 1069?
32
What is the remainder when 52665 is divided by 63?
60
Calculate the remainder when 69710 is divided by 906.
854
Calculate the remainder when 541068 is divided by 270524.
20
Calculate the remainder when 20899 is divided by 146.
21
What is the remainder when 4744 is divided by 4643?
101
Calculate the remainder when 16830 is divided by 33.
0
What is the remainder when 24818 is divided by 38?
4
Calculate the remainder when 332527 is divided by 30.
7
What is the remainder when 68798 is divided by 80?
78
Calculate the remainder when 9630 is divided by 66.
60
What is the remainder when 42330 is divided by 572?
2
What is the remainder when 49409 is divided by 143?
74
Calculate the remainder when 1063570 is divided by 789.
787
What is the remainder when 307220 is divided by 136?
132
Calculate the remainder when 6661 is divided by 2163.
172
What is the remainder when 14683 is divided by 108?
103
What is the remainder when 33582 is divided by 8394?
6
What is the remainder when 969593 is divided by 600?
593
What is the remainder when 1607759 is divided by 203?
202
Calculate the remainder when 28532 is divided by 9506.
14
What is the remainder when 12240 is divided by 159?
156
Calculate the remainder when 1447 is divided by 351.
43
What is the remainder when 436631 is divided by 168?
167
What is the remainder when 342691 is divided by 207?
106
Calculate the remainder when 865 is divided by 291.
283
What is the remainder when 5052 is divided by 407?
168
What is the remainder when 8376597 is divided by 24?
21
What is the remainder when 20722 is divided by 29?
16
What is the remainder when 60239 is divided by 498?
479
Calculate the remainder when 23739 is divided by 7880.
99
Calculate the remainder when 565753 is divided by 282873.
7
What is the remainder when 3158498 is divided by 789624?
2
What is the remainder when 2218908 is divided by 65262?
0
Calculate the remainder when 42637 is divided by 42.
7
Calculate the remainder when 31 is divided by 22.
9
Calculate the remainder when 6443 is divided by 361.
306
What is the remainder when 4139 is divided by 128?
43
What is the remainder when 1339362 is divided by 14?
10
What is the remainder when 77161 is divided by 89?
87
What is the remainder when 29932 is divided by 466?
108
What is the remainder when 412816 is divided by 194?
178
What is the remainder when 1641 is divided by 426?
363
Calculate the remainder when 23555 is divided by 291.
275
Calculate the remainder when 46032 is divided by 1070.
22
Calculate the remainder when 123484 is divided by 272.
268
Calculate the remainder when 9604 is divided by 112.
84
Calculate the remainder when 216630 is divided by 43.
39
What is the remainder when 22533 is divided by 46?
39
Calculate the remainder when 204737 is divided by 68245.
2
Calculate the remainder when 207518 is divided by 11.
3
What is the remainder when 853176 is divided by 51?
48
What is the remainder when 16815 is divided by 46?
25
Calculate the remainder when 113989 is divided by 1341.
4
Calculate the remainder when 5244 is divided by 1709.
117
What is the remainder when 8550 is divided by 10?
0
Calculate the remainder when 9878 is divided by 2643.
1949
What is the remainder when 13967 is divided by 53?
28
What is the remainder when 7104 is divided by 188?
148
Calculate the remainder when 3974 is divided by 24.
14
What is the remainder when 3717 is divided by 500?
217
Calculate the remainder when 245 is divided by 14.
7
What is the remainder when 9673 is divided by 651?
559
What is the remainder when 166 is divided by 110?
56
What is the remainder when 46204 is divided by 19?
15
Calculate the remainder when 19062 is divided by 907.
15
Calculate the remainder when 16699 is divided by 334.
333
What is the remainder when 535598 is divided by 26?
24
What is the remainder when 22730 is divided by 139?
73
What is the remainder when 2502 is divided by 10?
2
What is the remainder when 374691 is divided by 662?
661
Calculate the remainder when 10525 is divided by 329.
326
What is the remainder when 4787 is divided by 513?
170
What is the remainder when 52003 is divided by 1471?
518
What is the remainder when 11169 is divided by 419?
275
What is the remainder when 6559 is divided by 48?
31
Calculate the remainder when 410833 is divided by 187.
181
Calculate the remainder when 1239 is divided by 265.
179
Calculate the remainder when 11523 is divided by 34.
31
What is the remainder when 227746 is divided by 25?
21
Calculate the remainder when 6032 is divided by 2725.
582
Calculate the remainder when 125095 is divided by 62497.
101
Calculate the remainder when 13751 is divided by 6.
5
Calculate the remainder when 947 is divided by 174.
77
Calculate the remainder when 4440 is divided by 461.
291
What is the remainder when 10605 is divided by 14?
7
What is the remainder when 38461 is divided by 123?
85
Calculate the remainder when 40990 is divided by 672.
670
Calculate the remainder when 152181 is divided by 171.
162
What is the remainder when 5952 is divided by 119?
2
Calculate the remainder when 10197 is divided by 157.
149
Calculate the remainder when 26800 is divided by 536.
0
What is the remainder when 5341 is divided by 55?
6
What is the remainder when 2055 is divided by 141?
81
What is the remainder when 3192 is divided by 101?
61
What is the remainder when 4569 is divided by 377?
45
Calculate the remainder when 58305 is divided by 1422.
3
What is the remainder when 5003 is divided by 1225?
103
What is the remainder when 13327 is divided by 2649?
82
Calculate the remainder when 109279 is divided by 13658.
15
Calculate the remain